{"id":1156,"date":"2016-05-26T21:52:18","date_gmt":"2016-05-26T19:52:18","guid":{"rendered":"http:\/\/tallaajat.org\/taliopen_wp\/?page_id=1156"},"modified":"2016-05-26T21:52:18","modified_gmt":"2016-05-26T19:52:18","slug":"haix-tali-open-doubles-2016-results","status":"publish","type":"page","link":"https:\/\/taliopen.net\/?page_id=1156","title":{"rendered":"Haix Tali Open Doubles 2016 results"},"content":{"rendered":"<table width=\"486\">\n<tbody>\n<tr>\n<td width=\"31\"><strong>1<\/strong><\/td>\n<td width=\"175\"><strong>Martin Rotmeister<\/strong><\/td>\n<td width=\"152\"><strong>Silver L\u00e4tt<\/strong><\/td>\n<td width=\"64\"><strong>53<\/strong><\/td>\n<td width=\"64\"><strong>245 \u20ac<\/strong><\/td>\n<\/tr>\n<tr>\n<td><strong>1<\/strong><\/td>\n<td><strong>S\u00f6derstr\u00f6m<\/strong><\/td>\n<td><strong>Laihonen<\/strong><\/td>\n<td><strong>53<\/strong><\/td>\n<td><strong>245 \u20ac<\/strong><\/td>\n<\/tr>\n<tr>\n<td><strong>3<\/strong><\/td>\n<td><strong>Ville Piippo<\/strong><\/td>\n<td><strong>Santtu Manner<\/strong><\/td>\n<td><strong>54<\/strong><\/td>\n<td><strong>124 \u20ac<\/strong><\/td>\n<\/tr>\n<tr>\n<td>4<\/td>\n<td>Toni Syrj\u00e4nen<\/td>\n<td>Lauri Suominen<\/td>\n<td><strong>55<\/strong><\/td>\n<td><\/td>\n<\/tr>\n<tr>\n<td>4<\/td>\n<td>Sikanen<\/td>\n<td>Parviainen<\/td>\n<td><strong>55<\/strong><\/td>\n<td><\/td>\n<\/tr>\n<tr>\n<td>4<\/td>\n<td>H\u00e4me<\/td>\n<td>Koskelainen<\/td>\n<td><strong>55<\/strong><\/td>\n<td><\/td>\n<\/tr>\n<tr>\n<td>4<\/td>\n<td>Stoor<\/td>\n<td>Nissinen<\/td>\n<td><strong>55<\/strong><\/td>\n<td><\/td>\n<\/tr>\n<tr>\n<td>8<\/td>\n<td>Riku Vink<\/td>\n<td>V\u00e4in\u00f6 M\u00e4kel\u00e4<\/td>\n<td><strong>56<\/strong><\/td>\n<td><\/td>\n<\/tr>\n<tr>\n<td>8<\/td>\n<td>Runonen<\/td>\n<td>Eksym\u00e4<\/td>\n<td><strong>56<\/strong><\/td>\n<td><\/td>\n<\/tr>\n<tr>\n<td>10<\/td>\n<td>Viksten<\/td>\n<td>Winterhalter<\/td>\n<td><strong>57<\/strong><\/td>\n<td><\/td>\n<\/tr>\n<tr>\n<td>10<\/td>\n<td>Neuvonen<\/td>\n<td>Rantam\u00e4ki<\/td>\n<td><strong>57<\/strong><\/td>\n<td><\/td>\n<\/tr>\n<tr>\n<td>10<\/td>\n<td>Marko Natits<\/td>\n<td>Markus Dvinjaninov<\/td>\n<td><strong>57<\/strong><\/td>\n<td><\/td>\n<\/tr>\n<tr>\n<td>13<\/td>\n<td>Helenius<\/td>\n<td>Leivo<\/td>\n<td><strong>58<\/strong><\/td>\n<td><\/td>\n<\/tr>\n<tr>\n<td>13<\/td>\n<td>Salminen<\/td>\n<td>M\u00e4ki<\/td>\n<td><strong>58<\/strong><\/td>\n<td><\/td>\n<\/tr>\n<tr>\n<td>13<\/td>\n<td>Lampinen<\/td>\n<td>Korpinen<\/td>\n<td><strong>58<\/strong><\/td>\n<td><\/td>\n<\/tr>\n<tr>\n<td>13<\/td>\n<td>Malmelin<\/td>\n<td>Kuitunen<\/td>\n<td><strong>58<\/strong><\/td>\n<td><\/td>\n<\/tr>\n<tr>\n<td>13<\/td>\n<td>Alari Mark<\/td>\n<td>Ardi Mark<\/td>\n<td><strong>58<\/strong><\/td>\n<td><\/td>\n<\/tr>\n<tr>\n<td>13<\/td>\n<td>M\u00e4\u00e4r\u00e4nen<\/td>\n<td>Vesala<\/td>\n<td><strong>58<\/strong><\/td>\n<td><\/td>\n<\/tr>\n<tr>\n<td>19<\/td>\n<td>Jesse Savolainen<\/td>\n<td>Susanna Lindqvist<\/td>\n<td><strong>59<\/strong><\/td>\n<td><\/td>\n<\/tr>\n<tr>\n<td>19<\/td>\n<td>Janne Jaakkola<\/td>\n<td>Juha Huopaniemi<\/td>\n<td><strong>59<\/strong><\/td>\n<td><\/td>\n<\/tr>\n<tr>\n<td>21<\/td>\n<td>H\u00e4m\u00e4l\u00e4inen<\/td>\n<td>Poikonen<\/td>\n<td><strong>60<\/strong><\/td>\n<td><\/td>\n<\/tr>\n<tr>\n<td>21<\/td>\n<td>P\u00f6ysti Markus<\/td>\n<td>Luukas Rokkanen<\/td>\n<td><strong>60<\/strong><\/td>\n<td><\/td>\n<\/tr>\n<tr>\n<td>21<\/td>\n<td>Hakala<\/td>\n<td>Heino<\/td>\n<td><strong>60<\/strong><\/td>\n<td><\/td>\n<\/tr>\n<tr>\n<td>21<\/td>\n<td>Ralf Rogon<\/td>\n<td>Albert Tamm<\/td>\n<td><strong>60<\/strong><\/td>\n<td><\/td>\n<\/tr>\n<tr>\n<td>21<\/td>\n<td>Sutela<\/td>\n<td>Sihvo<\/td>\n<td><strong>60<\/strong><\/td>\n<td><\/td>\n<\/tr>\n<tr>\n<td>21<\/td>\n<td>V\u00e4is\u00e4nen<\/td>\n<td>Penttil\u00e4<\/td>\n<td><strong>60<\/strong><\/td>\n<td><\/td>\n<\/tr>\n<tr>\n<td>21<\/td>\n<td>Lepp\u00e4<\/td>\n<td>Lindgren<\/td>\n<td><strong>60<\/strong><\/td>\n<td><\/td>\n<\/tr>\n<tr>\n<td>21<\/td>\n<td>Huusko<\/td>\n<td>Autio<\/td>\n<td><strong>60<\/strong><\/td>\n<td><\/td>\n<\/tr>\n<tr>\n<td>29<\/td>\n<td>Oliver Endla<\/td>\n<td>Sami Toivonen<\/td>\n<td><strong>61<\/strong><\/td>\n<td><\/td>\n<\/tr>\n<tr>\n<td>29<\/td>\n<td>Koivusilta<\/td>\n<td>Zarnecky<\/td>\n<td><strong>61<\/strong><\/td>\n<td><\/td>\n<\/tr>\n<tr>\n<td>29<\/td>\n<td>Haaramo<\/td>\n<td>Siitonen<\/td>\n<td><strong>61<\/strong><\/td>\n<td><\/td>\n<\/tr>\n<tr>\n<td>29<\/td>\n<td>Rechard<\/td>\n<td>Honkanen<\/td>\n<td><strong>61<\/strong><\/td>\n<td><\/td>\n<\/tr>\n<tr>\n<td>33<\/td>\n<td>L\u00f6ytynoja<\/td>\n<td>Br\u00e4ysy<\/td>\n<td><strong>62<\/strong><\/td>\n<td><\/td>\n<\/tr>\n<tr>\n<td>33<\/td>\n<td>Kaukomaa<\/td>\n<td>K\u00e4rkk\u00e4inen<\/td>\n<td><strong>62<\/strong><\/td>\n<td><\/td>\n<\/tr>\n<tr>\n<td>33<\/td>\n<td>Sander Veskla<\/td>\n<td>Kristian Solotov<\/td>\n<td><strong>62<\/strong><\/td>\n<td><\/td>\n<\/tr>\n<tr>\n<td>33<\/td>\n<td>Hautala<\/td>\n<td>Koskinen<\/td>\n<td><strong>62<\/strong><\/td>\n<td><\/td>\n<\/tr>\n<tr>\n<td>33<\/td>\n<td>Mykk\u00e4nen<\/td>\n<td>Sipola<\/td>\n<td><strong>62<\/strong><\/td>\n<td><\/td>\n<\/tr>\n<tr>\n<td>33<\/td>\n<td>Jaalivaara<\/td>\n<td>J\u00e4rvinen<\/td>\n<td><strong>62<\/strong><\/td>\n<td><\/td>\n<\/tr>\n<tr>\n<td>39<\/td>\n<td>Jouni Leskinen<\/td>\n<td>Niko Leskinen<\/td>\n<td><strong>63<\/strong><\/td>\n<td><\/td>\n<\/tr>\n<tr>\n<td>39<\/td>\n<td>M\u00e4\u00e4tt\u00e4<\/td>\n<td>Yl\u00e4talo<\/td>\n<td><strong>63<\/strong><\/td>\n<td><\/td>\n<\/tr>\n<tr>\n<td>39<\/td>\n<td>Poikkelus<\/td>\n<td>Nyblom<\/td>\n<td><strong>63<\/strong><\/td>\n<td><\/td>\n<\/tr>\n<tr>\n<td>39<\/td>\n<td>Ryti<\/td>\n<td>Laine<\/td>\n<td><strong>63<\/strong><\/td>\n<td><\/td>\n<\/tr>\n<tr>\n<td>39<\/td>\n<td>Heikkil\u00e4<\/td>\n<td>Hurskainen<\/td>\n<td><strong>63<\/strong><\/td>\n<td><\/td>\n<\/tr>\n<tr>\n<td>44<\/td>\n<td>Ville Kotam\u00e4ki<\/td>\n<td>Verneri Kotam\u00e4ki<\/td>\n<td><strong>64<\/strong><\/td>\n<td><\/td>\n<\/tr>\n<tr>\n<td>44<\/td>\n<td>Verkasalo<\/td>\n<td>Pihlaja<\/td>\n<td><strong>64<\/strong><\/td>\n<td><\/td>\n<\/tr>\n<tr>\n<td>44<\/td>\n<td>Keskisaari<\/td>\n<td>Niini<\/td>\n<td><strong>64<\/strong><\/td>\n<td><\/td>\n<\/tr>\n<tr>\n<td>44<\/td>\n<td>Hyyti\u00e4inen<\/td>\n<td>Aalto<\/td>\n<td><strong>64<\/strong><\/td>\n<td><\/td>\n<\/tr>\n<tr>\n<td>44<\/td>\n<td>Johanson<\/td>\n<td>Suomi<\/td>\n<td><strong>64<\/strong><\/td>\n<td><\/td>\n<\/tr>\n<tr>\n<td>49<\/td>\n<td>Kimmel<\/td>\n<td>Sepp<\/td>\n<td><strong>65<\/strong><\/td>\n<td><\/td>\n<\/tr>\n<tr>\n<td>49<\/td>\n<td>Eetu Janson<\/td>\n<td>William Engblom<\/td>\n<td><strong>65<\/strong><\/td>\n<td><\/td>\n<\/tr>\n<tr>\n<td>49<\/td>\n<td>Kekkonen<\/td>\n<td>Nyk\u00e4nen<\/td>\n<td><strong>65<\/strong><\/td>\n<td><\/td>\n<\/tr>\n<tr>\n<td>49<\/td>\n<td>Kuivasto<\/td>\n<td>Lemmetti<\/td>\n<td><strong>65<\/strong><\/td>\n<td><\/td>\n<\/tr>\n<tr>\n<td>53<\/td>\n<td>Selin<\/td>\n<td>Ahjopalo<\/td>\n<td><strong>66<\/strong><\/td>\n<td><\/td>\n<\/tr>\n<tr>\n<td>54<\/td>\n<td>Sami Franssila<\/td>\n<td>Ville Virtanen<\/td>\n<td><strong>67<\/strong><\/td>\n<td><\/td>\n<\/tr>\n<tr>\n<td>54<\/td>\n<td>Lehtonen<\/td>\n<td>Ylikangas<\/td>\n<td><strong>67<\/strong><\/td>\n<td><\/td>\n<\/tr>\n<tr>\n<td>56<\/td>\n<td>Pekka Nyk\u00e4nen<\/td>\n<td>Arttu Pelgonen<\/td>\n<td><strong>68<\/strong><\/td>\n<td><\/td>\n<\/tr>\n<tr>\n<td>57<\/td>\n<td>Jaatinen<\/td>\n<td>Myyry<\/td>\n<td><strong>69<\/strong><\/td>\n<td><\/td>\n<\/tr>\n<tr>\n<td>57<\/td>\n<td>Lauri Sepp\u00e4l\u00e4<\/td>\n<td>Joona Mutikainen<\/td>\n<td><strong>69<\/strong><\/td>\n<td><\/td>\n<\/tr>\n<tr>\n<td>57<\/td>\n<td>Laaksonen Mika<\/td>\n<td>Miettinen Antti<\/td>\n<td><strong>69<\/strong><\/td>\n<td><\/td>\n<\/tr>\n<tr>\n<td>57<\/td>\n<td>Pohjalainen<\/td>\n<td>Hoikkala<\/td>\n<td><strong>69<\/strong><\/td>\n<td><\/td>\n<\/tr>\n<tr>\n<td>61<\/td>\n<td>Joronen<\/td>\n<td>Rikman<\/td>\n<td><strong>71<\/strong><\/td>\n<td><\/td>\n<\/tr>\n<tr>\n<td>62<\/td>\n<td>Kallio<\/td>\n<td>Utriainen<\/td>\n<td><strong>73<\/strong><\/td>\n<td><\/td>\n<\/tr>\n<tr>\n<td>63<\/td>\n<td>Komppa<\/td>\n<td>Pyyk\u00f6l\u00e4<\/td>\n<td><strong>74<\/strong><\/td>\n<td><\/td>\n<\/tr>\n<tr>\n<td>64<\/td>\n<td>Laurila<\/td>\n<td>Laurila<\/td>\n<td><strong>76<\/strong><\/td>\n<td><\/td>\n<\/tr>\n<tr>\n<td>65<\/td>\n<td>Mika Kauppila<\/td>\n<td>Panu Korhonen<\/td>\n<td><strong>77<\/strong><\/td>\n<td><\/td>\n<\/tr>\n<tr>\n<td>66<\/td>\n<td>Riikka Koskinen<\/td>\n<td>Kimi Liuski<\/td>\n<td><strong>80<\/strong><\/td>\n<td><\/td>\n<\/tr>\n<tr>\n<td>67<\/td>\n<td>Ami K\u00e4rkk\u00e4inen<\/td>\n<td>P. Kantokari<\/td>\n<td><strong>82<\/strong><\/td>\n<td><\/td>\n<\/tr>\n<tr>\n<td>68<\/td>\n<td>Saija Lehto<\/td>\n<td>Roope Leikoski<\/td>\n<td><strong>84<\/strong><\/td>\n<td><\/td>\n<\/tr>\n<\/tbody>\n<\/table>\n<div class=\"rns\" data-title=\"Haix Tali Open Doubles 2016 results\" data-tags=\"\" data-categories=\"\" data-comments=\"0\" data-date=\"1464299538000\" data-author=\"tikkis\" data-single=\"\" data-url=\"https:\/\/taliopen.net\/?page_id=1156\"><\/div> <!-- Check out https:\/\/reactandshare.com -->","protected":false},"excerpt":{"rendered":"<p>1 Martin Rotmeister Silver L\u00e4tt 53 245 \u20ac 1 S\u00f6derstr\u00f6m Laihonen 53 245 \u20ac 3 Ville Piippo Santtu Manner 54 124 \u20ac 4 Toni Syrj\u00e4nen Lauri Suominen 55 4 Sikanen Parviainen 55 4 H\u00e4me Koskelainen 55 4 Stoor Nissinen 55 &hellip; <a href=\"https:\/\/taliopen.net\/?page_id=1156\">Continue reading <span class=\"meta-nav\">&rarr;<\/span><\/a><\/p>\n","protected":false},"author":2,"featured_media":0,"parent":0,"menu_order":0,"comment_status":"closed","ping_status":"closed","template":"","meta":{"footnotes":""},"class_list":["post-1156","page","type-page","status-publish","hentry"],"_links":{"self":[{"href":"https:\/\/taliopen.net\/index.php?rest_route=\/wp\/v2\/pages\/1156"}],"collection":[{"href":"https:\/\/taliopen.net\/index.php?rest_route=\/wp\/v2\/pages"}],"about":[{"href":"https:\/\/taliopen.net\/index.php?rest_route=\/wp\/v2\/types\/page"}],"author":[{"embeddable":true,"href":"https:\/\/taliopen.net\/index.php?rest_route=\/wp\/v2\/users\/2"}],"replies":[{"embeddable":true,"href":"https:\/\/taliopen.net\/index.php?rest_route=%2Fwp%2Fv2%2Fcomments&post=1156"}],"version-history":[{"count":1,"href":"https:\/\/taliopen.net\/index.php?rest_route=\/wp\/v2\/pages\/1156\/revisions"}],"predecessor-version":[{"id":1157,"href":"https:\/\/taliopen.net\/index.php?rest_route=\/wp\/v2\/pages\/1156\/revisions\/1157"}],"wp:attachment":[{"href":"https:\/\/taliopen.net\/index.php?rest_route=%2Fwp%2Fv2%2Fmedia&parent=1156"}],"curies":[{"name":"wp","href":"https:\/\/api.w.org\/{rel}","templated":true}]}}