{"id":897,"date":"2015-05-21T22:56:03","date_gmt":"2015-05-21T20:56:03","guid":{"rendered":"http:\/\/tallaajat.org\/taliopen_wp\/?page_id=897"},"modified":"2017-05-15T15:02:26","modified_gmt":"2017-05-15T13:02:26","slug":"parking-at-tali","status":"publish","type":"page","link":"https:\/\/taliopen.net\/?page_id=897","title":{"rendered":"Arriving to Tali \/ Saapuminen Taliin"},"content":{"rendered":"<h1><strong>Limited parking space at Tali<\/strong><\/h1>\n<p>There is a very limited space for parking next to Tali Disc Golf Park. We recommend using public transportation (<a href=\"http:\/\/www.reittiopas.fi\/en\/\">http:\/\/www.reittiopas.fi\/en\/<\/a> &#8211; destination Talin frisbeegolfpuisto), bicycle, or car pools when arriving to competition, and reserve some time to find a parking spot.<\/p>\n<p><span style=\"color: #ff0000;\"><strong>Vermo parking lot next to Tali is reserved for drifting competition\u00a0during the whole Tali Open weekend. Also Takkatie is closed from Vermo\u00a0parking lot and it is used as emergency exit.<\/strong><\/span> Please notice that parking to Takkatie is\u00a0prohibited.<\/p>\n<h1><strong>Tips and\u00a0tricks related\u00a0arriving to Tali<\/strong><\/h1>\n<ul>\n<li>Use car pool or public transportation.<\/li>\n<li>There is usually next to (and behind) hole\u00a0#15.<\/li>\n<li>Limited parking space next to the <a href=\"https:\/\/www.google.fi\/maps\/@60.2162627,24.847618,116m\/data=!3m1!1e3?hl=fi\" target=\"_blank\" rel=\"noopener noreferrer\">dog training field<\/a>\u00a0at Takkatie, next to\u00a0hole #6.<\/li>\n<li>Leave your car to long term parking at the\u00a0<a href=\"https:\/\/www.google.fi\/maps\/place\/Pit%C3%A4j%C3%A4nm%C3%A4en+asema\/@60.2230075,24.8570404,101m\/data=!3m1!1e3!4m2!3m1!1s0x468df61438709ef1:0xfc854fc820d9d0fa?hl=fi\" target=\"_blank\" rel=\"noopener noreferrer\">Pit\u00e4j\u00e4nm\u00e4ki station<\/a>.\u00a0Entrance to the\u00a0parking\u00a0lot is from Takkatie.<\/li>\n<\/ul>\n<h1><strong>Vain v\u00e4h\u00e4n parkkitilaa Talin huipulla<\/strong><\/h1>\n<p>Talin frisbeegolfpuiston parkkipaikkojen m\u00e4\u00e4r\u00e4 on hyvin\u00a0rajallinen, joten suosittelemme saapumaan julkisilla (<a href=\"http:\/\/www.reittiopas.fi\/\" target=\"_blank\" rel=\"noopener noreferrer\">http:\/\/www.reittiopas.fi\/<\/a>, kohteeksi Talin frisbeegolfpuisto), fillarilla tai kimppakyydill\u00e4 paikanp\u00e4\u00e4lle. Pelaajia pyydet\u00e4\u00e4n varaamaan hieman aikaa parkkeeraukselle ennen l\u00e4ht\u00f6aikaa.<\/p>\n<p><span style=\"color: #ff0000;\"><strong>Vermon parkkipaikka on varattu drifting-kilpailulle koko turnausviikonlopun ajaksi ja\u00a0sen kautta ei p\u00e4\u00e4se ajamaan Taliin. Takkatien Vermon puoleinen osa\u00a0on varattu pelastustieksi<\/strong><\/span>. Huomioitahan ett\u00e4 Takkatielle pys\u00e4k\u00f6inti on kielletty.<\/p>\n<h1><strong>Vihjeit\u00e4 ja ohjeita saapumiselle<\/strong><\/h1>\n<ul>\n<li>K\u00e4yt\u00e4 kimppakyyti\u00e4 tai julkista liikennett\u00e4.<\/li>\n<li>Yleens\u00e4 m\u00e4ell\u00e4 korin #15 vierell\u00e4 ja takana on tilaa, jatka rohkeasti eteenp\u00e4in varsinaisen parkkipaikan ohitse.<\/li>\n<li>Rajoitetusti paikkoja my\u00f6s\u00a0<a href=\"https:\/\/www.google.fi\/maps\/@60.2162627,24.847618,116m\/data=!3m1!1e3?hl=fi\" target=\"_blank\" rel=\"noopener noreferrer\">futiskent\u00e4n<\/a>\u00a0yhteydess\u00e4 Takkatiell\u00e4, v\u00e4yl\u00e4n #6 alapuolella.<\/li>\n<li><a href=\"https:\/\/www.google.fi\/maps\/place\/Pit%C3%A4j%C3%A4nm%C3%A4en+asema\/@60.2230075,24.8570404,101m\/data=!3m1!1e3!4m2!3m1!1s0x468df61438709ef1:0xfc854fc820d9d0fa?hl=fi\" target=\"_blank\" rel=\"noopener noreferrer\">Pit\u00e4j\u00e4nm\u00e4en aseman<\/a>\u00a0yhteydess\u00e4 enemm\u00e4n parkkipaikkoja tarjolla.<\/li>\n<\/ul>\n<div class=\"rns\" data-title=\"Arriving to Tali \/ Saapuminen Taliin\" data-tags=\"\" data-categories=\"\" data-comments=\"0\" data-date=\"1432248963000\" data-author=\"Zaia\" data-single=\"\" data-url=\"https:\/\/taliopen.net\/?page_id=897\"><\/div> <!-- Check out https:\/\/reactandshare.com -->","protected":false},"excerpt":{"rendered":"<p>Limited parking space at Tali There is a very limited space for parking next to Tali Disc Golf Park. We recommend using public transportation (http:\/\/www.reittiopas.fi\/en\/ &#8211; destination Talin frisbeegolfpuisto), bicycle, or car pools when arriving to competition, and reserve some &hellip; <a href=\"https:\/\/taliopen.net\/?page_id=897\">Continue reading <span class=\"meta-nav\">&rarr;<\/span><\/a><\/p>\n","protected":false},"author":4,"featured_media":0,"parent":0,"menu_order":0,"comment_status":"closed","ping_status":"closed","template":"","meta":{"footnotes":""},"class_list":["post-897","page","type-page","status-publish","hentry"],"_links":{"self":[{"href":"https:\/\/taliopen.net\/index.php?rest_route=\/wp\/v2\/pages\/897"}],"collection":[{"href":"https:\/\/taliopen.net\/index.php?rest_route=\/wp\/v2\/pages"}],"about":[{"href":"https:\/\/taliopen.net\/index.php?rest_route=\/wp\/v2\/types\/page"}],"author":[{"embeddable":true,"href":"https:\/\/taliopen.net\/index.php?rest_route=\/wp\/v2\/users\/4"}],"replies":[{"embeddable":true,"href":"https:\/\/taliopen.net\/index.php?rest_route=%2Fwp%2Fv2%2Fcomments&post=897"}],"version-history":[{"count":11,"href":"https:\/\/taliopen.net\/index.php?rest_route=\/wp\/v2\/pages\/897\/revisions"}],"predecessor-version":[{"id":1339,"href":"https:\/\/taliopen.net\/index.php?rest_route=\/wp\/v2\/pages\/897\/revisions\/1339"}],"wp:attachment":[{"href":"https:\/\/taliopen.net\/index.php?rest_route=%2Fwp%2Fv2%2Fmedia&parent=897"}],"curies":[{"name":"wp","href":"https:\/\/api.w.org\/{rel}","templated":true}]}}